{"id":633,"date":"2014-04-16T18:59:05","date_gmt":"2014-04-16T18:59:05","guid":{"rendered":"https:\/\/www.minhamulher.com\/?page_id=633"},"modified":"2020-07-09T15:57:22","modified_gmt":"2020-07-09T18:57:22","slug":"enviarfotos","status":"publish","type":"page","link":"https:\/\/www.minhamulher.com\/enviarfotos","title":{"rendered":"Envie suas fotos para n\u00f3s"},"content":{"rendered":"<p><span style=\"color: #ff0000;\"><b>N\u00c3O PEDIMOS, COMPRAMOS OU PAGAMOS POR FOTOS. N\u00c3O CAIAM EM GOLPES! N\u00c3O TEMOS WHATSAPP, TELEGRAM, FACEBOOK OU QUALQUER OUTRA REDE SOCIAL QUE N\u00c3O SEJA O TWITTER @MINHAMULHER!<\/b><\/span><\/p>\n<p><span style=\"color: #ff0000;\"><b>N\u00c3O ENVIE MAIS DE UM EMAIL COM AS MESMAS FOTOS!<\/b><\/span><br \/>\nRecebemos dezenas de emails por dia e as fotos s\u00e3o postadas em formato de &#8220;fila&#8221;, ou seja, enviar as fotos novamente n\u00e3o far\u00e3o que as mesmas sejam postadas mais rapidamente.<\/p>\n<p>Envie suas fotos para: <strong><a href=\"mailto:aminhamulher@gmail.com\">aminhamulher@gmail.com<\/a><\/strong><\/p>\n<p><span style=\"color: #ff0000;\">Antes de enviar, leia com aten\u00e7\u00e3o:<\/span><\/p>\n<p>&#8211; Envie apenas fotos que perten\u00e7am exclusivamente \u00e0 voc\u00ea; <\/br><br \/>\n&#8211; Envie no m\u00ednimo 8 fotos para que possa ser feita uma galeria mais adequada; <\/br><br \/>\n&#8211; Fotos abaixo de 500&#215;500 pixels N\u00c3O ser\u00e3o postadas; <\/br><br \/>\n&#8211; N\u00c3O envie fotos com endere\u00e7o URL de outro site; <\/br><br \/>\n&#8211; N\u00c3O envie fotos de menores de 18 anos; <\/br><br \/>\n&#8211; Escreva uma pequena descri\u00e7\u00e3o e\/ou t\u00edtulo que deseje que apare\u00e7a junto \u00e0 suas fotos; <\/br><br \/>\n&#8211; Cite se deseja publicar seu endere\u00e7o de email, caso contr\u00e1rio o mesmo n\u00e3o ser\u00e1 publicado; <\/br><br \/>\n&#8211; Ao enviar qualquer tipo de material, voc\u00ea assume que \u00c9 respons\u00e1vel por qualquer outrem presente no mesmo e que ambos est\u00e3o se expondo por livre e espont\u00e2nea vontade;<\/br><\/p>\n<p><\/br>Envie suas fotos agora mesmo para <strong><a href=\"mailto:aminhamulher@gmail.com\">aminhamulher@gmail.com<\/a><\/strong> e contribua com o site!<\/p>\n","protected":false},"excerpt":{"rendered":"<p>N\u00c3O PEDIMOS, COMPRAMOS OU PAGAMOS POR FOTOS. N\u00c3O CAIAM EM GOLPES! N\u00c3O TEMOS WHATSAPP, TELEGRAM, FACEBOOK OU QUALQUER OUTRA REDE SOCIAL QUE N\u00c3O SEJA O TWITTER @MINHAMULHER! N\u00c3O ENVIE MAIS DE UM EMAIL COM AS MESMAS FOTOS! Recebemos dezenas de emails por dia e as fotos s\u00e3o postadas em formato de &#8220;fila&#8221;, ou seja, enviar [&hellip;]<\/p>\n","protected":false},"author":1,"featured_media":0,"parent":0,"menu_order":0,"comment_status":"open","ping_status":"closed","template":"","meta":{"_acf_changed":false,"footnotes":""},"class_list":["post-633","page","type-page","status-publish","hentry"],"acf":[],"yoast_head":"<!-- This site is optimized with the Yoast SEO plugin v27.3 - https:\/\/yoast.com\/product\/yoast-seo-wordpress\/ -->\n<title>Envie suas fotos para n\u00f3s - Minha Mulher<\/title>\n<meta name=\"description\" content=\"N\u00c3O PEDIMOS, COMPRAMOS OU PAGAMOS POR FOTOS. N\u00c3O CAIAM EM GOLPES! N\u00c3O TEMOS WHATSAPP, TELEGRAM, FACEBOOK OU QUALQUER OUTRA REDE SOCIAL QUE N\u00c3O SEJA O\" \/>\n<meta name=\"robots\" content=\"index, follow, max-snippet:-1, max-image-preview:large, max-video-preview:-1\" \/>\n<link rel=\"canonical\" href=\"https:\/\/www.minhamulher.com\/enviarfotos\" \/>\n<meta name=\"twitter:card\" content=\"summary_large_image\" \/>\n<meta name=\"twitter:title\" content=\"Envie suas fotos para n\u00f3s - Minha Mulher\" \/>\n<meta name=\"twitter:description\" content=\"N\u00c3O PEDIMOS, COMPRAMOS OU PAGAMOS POR FOTOS. N\u00c3O CAIAM EM GOLPES! N\u00c3O TEMOS WHATSAPP, TELEGRAM, FACEBOOK OU QUALQUER OUTRA REDE SOCIAL QUE N\u00c3O SEJA O\" \/>\n<meta name=\"twitter:site\" content=\"@minhamulher\" \/>\n<meta name=\"twitter:label1\" content=\"Est. tempo de leitura\" \/>\n\t<meta name=\"twitter:data1\" content=\"1 minuto\" \/>\n<script type=\"application\/ld+json\" class=\"yoast-schema-graph\">{\"@context\":\"https:\\\/\\\/schema.org\",\"@graph\":[{\"@type\":\"WebPage\",\"@id\":\"https:\\\/\\\/www.minhamulher.com\\\/enviarfotos\",\"url\":\"https:\\\/\\\/www.minhamulher.com\\\/enviarfotos\",\"name\":\"Envie suas fotos para n\u00f3s - Minha Mulher\",\"isPartOf\":{\"@id\":\"https:\\\/\\\/www.minhamulher.com\\\/#website\"},\"datePublished\":\"2014-04-16T18:59:05+00:00\",\"dateModified\":\"2020-07-09T18:57:22+00:00\",\"description\":\"N\u00c3O PEDIMOS, COMPRAMOS OU PAGAMOS POR FOTOS. N\u00c3O CAIAM EM GOLPES! N\u00c3O TEMOS WHATSAPP, TELEGRAM, FACEBOOK OU QUALQUER OUTRA REDE SOCIAL QUE N\u00c3O SEJA O\",\"breadcrumb\":{\"@id\":\"https:\\\/\\\/www.minhamulher.com\\\/enviarfotos#breadcrumb\"},\"inLanguage\":\"pt-BR\",\"potentialAction\":[{\"@type\":\"ReadAction\",\"target\":[\"https:\\\/\\\/www.minhamulher.com\\\/enviarfotos\"]}]},{\"@type\":\"BreadcrumbList\",\"@id\":\"https:\\\/\\\/www.minhamulher.com\\\/enviarfotos#breadcrumb\",\"itemListElement\":[{\"@type\":\"ListItem\",\"position\":1,\"name\":\"Home\",\"item\":\"https:\\\/\\\/www.minhamulher.com\\\/\"},{\"@type\":\"ListItem\",\"position\":2,\"name\":\"Envie suas fotos para n\u00f3s\"}]},{\"@type\":\"WebSite\",\"@id\":\"https:\\\/\\\/www.minhamulher.com\\\/#website\",\"url\":\"https:\\\/\\\/www.minhamulher.com\\\/\",\"name\":\"Minha Mulher\",\"description\":\"Casadas hotwifes, cornos e casais liberais em busca de sexo, swing e menage.\",\"alternateName\":\"Hotwife Brasileiras\",\"potentialAction\":[{\"@type\":\"SearchAction\",\"target\":{\"@type\":\"EntryPoint\",\"urlTemplate\":\"https:\\\/\\\/www.minhamulher.com\\\/?s={search_term_string}\"},\"query-input\":{\"@type\":\"PropertyValueSpecification\",\"valueRequired\":true,\"valueName\":\"search_term_string\"}}],\"inLanguage\":\"pt-BR\"}]}<\/script>\n<!-- \/ Yoast SEO plugin. -->","yoast_head_json":{"title":"Envie suas fotos para n\u00f3s - Minha Mulher","description":"N\u00c3O PEDIMOS, COMPRAMOS OU PAGAMOS POR FOTOS. N\u00c3O CAIAM EM GOLPES! N\u00c3O TEMOS WHATSAPP, TELEGRAM, FACEBOOK OU QUALQUER OUTRA REDE SOCIAL QUE N\u00c3O SEJA O","robots":{"index":"index","follow":"follow","max-snippet":"max-snippet:-1","max-image-preview":"max-image-preview:large","max-video-preview":"max-video-preview:-1"},"canonical":"https:\/\/www.minhamulher.com\/enviarfotos","twitter_card":"summary_large_image","twitter_title":"Envie suas fotos para n\u00f3s - Minha Mulher","twitter_description":"N\u00c3O PEDIMOS, COMPRAMOS OU PAGAMOS POR FOTOS. N\u00c3O CAIAM EM GOLPES! N\u00c3O TEMOS WHATSAPP, TELEGRAM, FACEBOOK OU QUALQUER OUTRA REDE SOCIAL QUE N\u00c3O SEJA O","twitter_site":"@minhamulher","twitter_misc":{"Est. tempo de leitura":"1 minuto"},"schema":{"@context":"https:\/\/schema.org","@graph":[{"@type":"WebPage","@id":"https:\/\/www.minhamulher.com\/enviarfotos","url":"https:\/\/www.minhamulher.com\/enviarfotos","name":"Envie suas fotos para n\u00f3s - Minha Mulher","isPartOf":{"@id":"https:\/\/www.minhamulher.com\/#website"},"datePublished":"2014-04-16T18:59:05+00:00","dateModified":"2020-07-09T18:57:22+00:00","description":"N\u00c3O PEDIMOS, COMPRAMOS OU PAGAMOS POR FOTOS. N\u00c3O CAIAM EM GOLPES! N\u00c3O TEMOS WHATSAPP, TELEGRAM, FACEBOOK OU QUALQUER OUTRA REDE SOCIAL QUE N\u00c3O SEJA O","breadcrumb":{"@id":"https:\/\/www.minhamulher.com\/enviarfotos#breadcrumb"},"inLanguage":"pt-BR","potentialAction":[{"@type":"ReadAction","target":["https:\/\/www.minhamulher.com\/enviarfotos"]}]},{"@type":"BreadcrumbList","@id":"https:\/\/www.minhamulher.com\/enviarfotos#breadcrumb","itemListElement":[{"@type":"ListItem","position":1,"name":"Home","item":"https:\/\/www.minhamulher.com\/"},{"@type":"ListItem","position":2,"name":"Envie suas fotos para n\u00f3s"}]},{"@type":"WebSite","@id":"https:\/\/www.minhamulher.com\/#website","url":"https:\/\/www.minhamulher.com\/","name":"Minha Mulher","description":"Casadas hotwifes, cornos e casais liberais em busca de sexo, swing e menage.","alternateName":"Hotwife Brasileiras","potentialAction":[{"@type":"SearchAction","target":{"@type":"EntryPoint","urlTemplate":"https:\/\/www.minhamulher.com\/?s={search_term_string}"},"query-input":{"@type":"PropertyValueSpecification","valueRequired":true,"valueName":"search_term_string"}}],"inLanguage":"pt-BR"}]}},"_links":{"self":[{"href":"https:\/\/www.minhamulher.com\/wp-json\/wp\/v2\/pages\/633","targetHints":{"allow":["GET"]}}],"collection":[{"href":"https:\/\/www.minhamulher.com\/wp-json\/wp\/v2\/pages"}],"about":[{"href":"https:\/\/www.minhamulher.com\/wp-json\/wp\/v2\/types\/page"}],"author":[{"embeddable":true,"href":"https:\/\/www.minhamulher.com\/wp-json\/wp\/v2\/users\/1"}],"replies":[{"embeddable":true,"href":"https:\/\/www.minhamulher.com\/wp-json\/wp\/v2\/comments?post=633"}],"version-history":[{"count":6,"href":"https:\/\/www.minhamulher.com\/wp-json\/wp\/v2\/pages\/633\/revisions"}],"predecessor-version":[{"id":11583,"href":"https:\/\/www.minhamulher.com\/wp-json\/wp\/v2\/pages\/633\/revisions\/11583"}],"wp:attachment":[{"href":"https:\/\/www.minhamulher.com\/wp-json\/wp\/v2\/media?parent=633"}],"curies":[{"name":"wp","href":"https:\/\/api.w.org\/{rel}","templated":true}]}}